ivided by 378.
374
Calculate the remainder when 35556 is divided by 27.
24
Calculate the remainder when 22400 is divided by 2799.
8
What is the remainder when 5091314 is divided by 1178?
1176
What is the remainder when 18034 is divided by 1803?
4
Calculate the remainder when 913 is divided by 241.
190
What is the remainder when 1966382 is divided by 1087?
1086
Calculate the remainder when 3454 is divided by 92.
50
What is the remainder when 51910 is divided by 928?
870
What is the remainder when 465469 is divided by 41?
37
Calculate the remainder when 4635 is divided by 927.
0
What is the remainder when 3300 is divided by 220?
0
Calculate the remainder when 2175 is divided by 723.
6
What is the remainder when 189155 is divided by 246?
227
What is the remainder when 16496 is divided by 3?
2
What is the remainder when 15268 is divided by 73?
11
What is the remainder when 9678 is divided by 260?
58
Calculate the remainder when 15402 is divided by 156.
114
Calculate the remainder when 252765 is divided by 136.
77
Calculate the remainder when 24644 is divided by 127.
6
What is the remainder when 122717 is divided by 487?
480
What is the remainder when 642454 is divided by 5266?
2
Calculate the remainder when 26079 is divided by 13035.
9
Calculate the remainder when 89654 is divided by 44827.
0
What is the remainder when 5685 is divided by 102?
75
What is the remainder when 13766 is divided by 917?
11
What is the remainder when 6980 is divided by 757?
167
Calculate the remainder when 16693 is divided by 253.
248
What is the remainder when 24660 is divided by 8216?
12
Calculate the remainder when 418 is divided by 300.
118
Calculate the remainder when 129223 is divided by 2395.
2288
What is the remainder when 4874 is divided by 122?
116
What is the remainder when 206949 is divided by 68970?
39
Calculate the remainder when 3467 is divided by 98.
37
What is the remainder when 4978 is divided by 528?
226
Calculate the remainder when 346 is divided by 47.
17
Calculate the remainder when 6387 is divided by 1595.
7
What is the remainder when 91022 is divided by 234?
230
Calculate the remainder when 158016 is divided by 8.
0
What is the remainder when 560649 is divided by 6?
3
Calculate the remainder when 1133322 is divided by 23.
20
What is the remainder when 17019 is divided by 371?
324
Calculate the remainder when 1331 is divided by 1312.
19
Calculate the remainder when 2249 is divided by 24.
17
Calculate the remainder when 1969 is divided by 10.
9
Calculate the remainder when 1545 is divided by 382.
17
What is the remainder when 144786 is divided by 1627?
1610
What is the remainder when 14108 is divided by 17?
15
Calculate the remainder when 618 is divided by 100.
18
Calculate the remainder when 18243 is divided by 106.
11
What is the remainder when 2259243 is divided by 33?
30
Calculate the remainder when 13495 is divided by 1409.
814
What is the remainder when 33937 is divided by 25?
12
What is the remainder when 3246 is divided by 240?
126
What is the remainder when 391 is divided by 344?
47
Calculate the remainder when 36757 is divided by 4083.
10
Calculate the remainder when 185884 is divided by 20.
4
What is the remainder when 789 is divided by 65?
9
Calculate the remainder when 108735 is divided by 8.
7
Calculate the remainder when 39646 is divided by 122.
118
What is the remainder when 1835 is divided by 591?
62
What is the remainder when 53604 is divided by 7?
5
Calculate the remainder when 157076 is divided by 31.
30
What is the remainder when 49675 is divided by 22?
21
Calculate the remainder when 4942 is divided by 551.
534
What is the remainder when 6507 is divided by 3053?
401
Calculate the remainder when 620187 is divided by 90.
87
Calculate the remainder when 15669 is divided by 1899.
477
What is the remainder when 32234 is divided by 234?
176
Calculate the remainder when 729 is divided by 667.
62
Calculate the remainder when 1171 is divided by 74.
61
Calculate the remainder when 32865 is divided by 10954.
3
What is the remainder when 49442 is divided by 176?
162
What is the remainder when 3658 is divided by 1793?
72
What is the remainder when 69601 is divided by 2784?
1
Calculate the remainder when 14445 is divided by 356.
205
What is the remainder when 74952 is divided by 25?
2
What is the remainder when 2409 is divided by 609?
582
What is the remainder when 13646 is divided by 4534?
44
Calculate the remainder when 3532 is divided by 882.
4
What is the remainder when 23709 is divided by 5926?
5
Calculate the remainder when 199889 is divided by 14.
11
What is the remainder when 892 is divided by 276?
64
What is the remainder when 8214 is divided by 372?
30
Calculate the remainder when 51257 is divided by 2318.
261
Calculate the remainder when 136823 is divided by 1383.
1289
What is the remainder when 11984 is divided by 85?
84
What is the remainder when 57593 is divided by 219?
215
What is the remainder when 16490 is divided by 79?
58
Calculate the remainder when 409272 is divided by 535.
532
Calculate the remainder when 13392 is divided by 4448.
48
What is the remainder when 433 is divided by 420?
13
Calculate the remainder when 8299 is divided by 2527.
718
Calculate the remainder when 16147 is divided by 323.
320
Calculate the remainder when 91848 is divided by 334.
332
Calculate the remainder when 85410 is divided by 17082.
0
What is the remainder when 21812 is divided by 1674?
50
Calculate the remainder when 78872 is divided by 680.
672
What is the remainder when 383166 is divided by 63861?
0
Calculate the remainder when 15201 is divided by 1898.
17
What is the remainder when 18580 is divided by 212?
136
What is the remainder when 143883 is divided by 165?
3
Calculate the remainder when 552276 is divided by 17.
14
What is the remainder when 30027 is divided by 1119?
933
What is the remainder when 134063 is divided by 304?
303
Calculate the remainder when 179196 is divided by 179192.
4
What is the remainder when 77133 is divided by 643?
616
What is the remainder when 28874 is divided by 2188?
430
What is the remainder when 45055 is divided by 60?
55
Calculate the remainder when 2155 is divided by 122.
81
What is the remainder when 6642 is divided by 474?
6
What is the remainder when 2735 is divided by 391?
389
Calculate the remainder when 453 is divided by 41.
2
What is the remainder when 64148 is divided by 27?
23
What is the remainder when 269 is divided by 132?
5
Calculate the remainder when 23077 is divided by 5754.
61
What is the remainder when 104036 is divided by 25?
11
Calculate the remainder when 65135 is divided by 177.
176
Calculate the remainder when 91468 is divided by 41.
38
What is the remainder when 8643 is divided by 92?
87
Calculate the remainder when 143078 is divided by 477.
455
What is the remainder when 1975 is divided by 202?
157
What is the remainder when 2295 is divided by 748?
51
What is the remainder when 114 is divided by 19?
0
Calculate the remainder when 302973 is divided by 100985.
18
What is the remainder when 4199 is divided by 82?
17
Calculate the remainder when 46292 is divided by 509.
482
Calculate the remainder when 152709 is divided by 140.
109
Calculate the remainder when 1636 is divided by 163.
6
What is the remainder when 114773 is divided by 94?
93
What is the remainder when 3099 is divided by 5?
4
Calculate the remainder when 903900 is divided by 1419.
1416
What is the remainder when 73257 is divided by 8120?
177
Calculate the remainder when 9552 is divided by 2388.
0
What is the remainder when 1046 is divided by 101?
36
What is the remainder when 1857 is divided by 273?
219
Calculate the remainder when 66583 is divided by 262.
35
What is the remainder when 3808131 is divided by 594?
591
Calculate the remainder when 3516 is divided by 578.
48
What is the remainder when 223460 is divided by 63?
62
Calculate the remainder when 197609 is divided by 30.
29
What is the remainder when 38866 is divided by 209?
201
What is the remainder when 2608 is divided by 860?
28
What is the remainder when 123270 is divided by 47?
36
What is the remainder when 3286 is divided by 131?
11
What is the remainder when 52845 is divided by 107?
94
What is the remainder when 85321 is divided by 85316?
5
What is th